[INFO] fetching crate ledcat 0.1.5...
[INFO] building ledcat-0.1.5 against master#881c1ac408d93bb7adaa3a51dabab9266e82eee8 for issue-85264
[INFO] extracting crate ledcat 0.1.5 into /workspace/builds/worker-3/source
[INFO] validating manifest of crates.io crate ledcat 0.1.5 on toolchain 881c1ac408d93bb7adaa3a51dabab9266e82eee8
[INFO] running `Command { std: "/workspace/cargo-home/bin/cargo" "+881c1ac408d93bb7adaa3a51dabab9266e82eee8" "metadata" "--manifest-path" "Cargo.toml" "--no-deps", kill_on_drop: false }`
[INFO] started tweaking crates.io crate ledcat 0.1.5
[INFO] finished tweaking crates.io crate ledcat 0.1.5
[INFO] tweaked toml for crates.io crate ledcat 0.1.5 written to /workspace/builds/worker-3/source/Cargo.toml
[INFO] running `Command { std: "/workspace/cargo-home/bin/cargo" "+881c1ac408d93bb7adaa3a51dabab9266e82eee8" "generate-lockfile" "--manifest-path" "Cargo.toml" "-Zno-index-update", kill_on_drop: false }`
[INFO] running `Command { std: "/workspace/cargo-home/bin/cargo" "+881c1ac408d93bb7adaa3a51dabab9266e82eee8" "fetch" "--manifest-path" "Cargo.toml", kill_on_drop: false }`
[INFO] [stderr]  Downloading crates ...
[INFO] [stderr]   Downloaded environment v0.1.1
[INFO] [stderr]   Downloaded derive-error v0.0.4
[INFO] [stderr]   Downloaded assert_cli v0.6.3
[INFO] [stderr]   Downloaded gpio v0.3.0
[INFO] running `Command { std: "docker" "create" "-v" "/var/lib/crater-agent-workspace/builds/worker-3/target:/opt/rustwide/target:rw,Z" "-v" "/var/lib/crater-agent-workspace/builds/worker-3/source:/opt/rustwide/workdir:ro,Z" "-v" "/var/lib/crater-agent-workspace/cargo-home:/opt/rustwide/cargo-home:ro,Z" "-v" "/var/lib/crater-agent-workspace/rustup-home:/opt/rustwide/rustup-home:ro,Z" "-e" "SOURCE_DIR=/opt/rustwide/workdir" "-e" "CARGO_TARGET_DIR=/opt/rustwide/target" "-e" "CARGO_HOME=/opt/rustwide/cargo-home" "-e" "RUSTUP_HOME=/opt/rustwide/rustup-home" "-w" "/opt/rustwide/workdir" "-m" "1610612736" "--user" "0:0" "--network" "none" "ghcr.io/rust-lang/crates-build-env/linux@sha256:20528e8c29e4536546f0102ce88568b16ea7538393a33fcca951030f7af10457" "/opt/rustwide/cargo-home/bin/cargo" "+881c1ac408d93bb7adaa3a51dabab9266e82eee8" "metadata" "--no-deps" "--format-version=1", kill_on_drop: false }`
[INFO] [stdout] 3bf0cb24e4111d68b4b806c0603c27a00ad9f2c6bebd14c8c9f6ae82ed11c25c
[INFO] [stderr] WARNING: Your kernel does not support swap limit capabilities or the cgroup is not mounted. Memory limited without swap.
[INFO] running `Command { std: "docker" "start" "-a" "3bf0cb24e4111d68b4b806c0603c27a00ad9f2c6bebd14c8c9f6ae82ed11c25c", kill_on_drop: false }`
[INFO] running `Command { std: "docker" "inspect" "3bf0cb24e4111d68b4b806c0603c27a00ad9f2c6bebd14c8c9f6ae82ed11c25c", kill_on_drop: false }`
[INFO] running `Command { std: "docker" "rm" "-f" "3bf0cb24e4111d68b4b806c0603c27a00ad9f2c6bebd14c8c9f6ae82ed11c25c", kill_on_drop: false }`
[INFO] [stdout] 3bf0cb24e4111d68b4b806c0603c27a00ad9f2c6bebd14c8c9f6ae82ed11c25c
[INFO] running `Command { std: "docker" "create" "-v" "/var/lib/crater-agent-workspace/builds/worker-3/target:/opt/rustwide/target:rw,Z" "-v" "/var/lib/crater-agent-workspace/builds/worker-3/source:/opt/rustwide/workdir:ro,Z" "-v" "/var/lib/crater-agent-workspace/cargo-home:/opt/rustwide/cargo-home:ro,Z" "-v" "/var/lib/crater-agent-workspace/rustup-home:/opt/rustwide/rustup-home:ro,Z" "-e" "SOURCE_DIR=/opt/rustwide/workdir" "-e" "CARGO_TARGET_DIR=/opt/rustwide/target" "-e" "CARGO_INCREMENTAL=0" "-e" "RUST_BACKTRACE=full" "-e" "RUSTFLAGS=--cap-lints=forbid" "-e" "CARGO_HOME=/opt/rustwide/cargo-home" "-e" "RUSTUP_HOME=/opt/rustwide/rustup-home" "-w" "/opt/rustwide/workdir" "-m" "1610612736" "--user" "0:0" "--network" "none" "ghcr.io/rust-lang/crates-build-env/linux@sha256:20528e8c29e4536546f0102ce88568b16ea7538393a33fcca951030f7af10457" "/opt/rustwide/cargo-home/bin/cargo" "+881c1ac408d93bb7adaa3a51dabab9266e82eee8" "build" "--frozen" "--message-format=json", kill_on_drop: false }`
[INFO] [stdout] be1d33b3e900e060743244edf1e21527510dd418dc3995fea4ce335ebe6cdbc7
[INFO] [stderr] WARNING: Your kernel does not support swap limit capabilities or the cgroup is not mounted. Memory limited without swap.
[INFO] running `Command { std: "docker" "start" "-a" "be1d33b3e900e060743244edf1e21527510dd418dc3995fea4ce335ebe6cdbc7", kill_on_drop: false }`
[INFO] [stderr]    Compiling libc v0.2.95
[INFO] [stderr]    Compiling memchr v2.4.0
[INFO] [stderr]    Compiling bitflags v1.2.1
[INFO] [stderr]    Compiling unicode-xid v0.0.4
[INFO] [stderr]    Compiling unicode-width v0.1.8
[INFO] [stderr]    Compiling quote v0.3.15
[INFO] [stderr]    Compiling byteorder v1.4.3
[INFO] [stderr]    Compiling cfg-if v0.1.10
[INFO] [stderr]    Compiling nix v0.10.0
[INFO] [stderr]    Compiling void v1.0.2
[INFO] [stderr]    Compiling vec_map v0.8.2
[INFO] [stderr]    Compiling case v0.1.0
[INFO] [stderr]    Compiling ledcat v0.1.5 (/opt/rustwide/workdir)
[INFO] [stderr]    Compiling ansi_term v0.11.0
[INFO] [stderr]    Compiling regex-syntax v0.6.25
[INFO] [stderr]    Compiling strsim v0.8.0
[INFO] [stderr]    Compiling gpio v0.3.0
[INFO] [stderr]    Compiling textwrap v0.11.0
[INFO] [stderr]    Compiling synom v0.11.3
[INFO] [stderr]    Compiling syn v0.11.11
[INFO] [stderr]    Compiling aho-corasick v0.7.18
[INFO] [stderr]    Compiling iovec v0.1.4
[INFO] [stderr]    Compiling atty v0.2.14
[INFO] [stderr]    Compiling net2 v0.2.37
[INFO] [stderr]    Compiling clap v2.33.3
[INFO] [stderr]    Compiling bytes v0.4.12
[INFO] [stderr]    Compiling derive-error v0.0.4
[INFO] [stderr]    Compiling regex v1.5.4
[INFO] [stdout] warning: trait objects without an explicit `dyn` are deprecated
[INFO] [stdout]   --> src/device/apa102.rs:27:40
[INFO] [stdout]    |
[INFO] [stdout] 27 |     fn write_frame(&self, writer: &mut io::Write, pixels: &[Pixel]) -> io::Result<()> {
[INFO] [stdout]    |                                        ^^^^^^^^^ help: use `dyn`: `dyn io::Write`
[INFO] [stdout]    |
[INFO] [stdout]    = note: `#[warn(bare_trait_objects)]` on by default
[INFO] [stdout]    = warning: this was previously accepted by the compiler but is being phased out; it will become a hard error in the 2021 edition!
[INFO] [stdout]    = note: for more information, see issue #80165 <https://github.com/rust-lang/rust/issues/80165>
[INFO] [stdout] 
[INFO] [stdout] 
[INFO] [stdout] warning: trait objects without an explicit `dyn` are deprecated
[INFO] [stdout]    --> src/device/fluxled/mod.rs:244:20
[INFO] [stdout]     |
[INFO] [stdout] 244 |     type Err = Box<error::Error + Send + Sync>;
[INFO] [stdout]     |                    ^^^^^^^^^^^^^^^^^^^^^^^^^^ help: use `dyn`: `dyn error::Error + Send + Sync`
[INFO] [stdout]     |
[INFO] [stdout]     = warning: this was previously accepted by the compiler but is being phased out; it will become a hard error in the 2021 edition!
[INFO] [stdout]     = note: for more information, see issue #80165 <https://github.com/rust-lang/rust/issues/80165>
[INFO] [stdout] 
[INFO] [stdout] 
[INFO] [stdout] warning: trait objects without an explicit `dyn` are deprecated
[INFO] [stdout]    --> src/device/fluxled/mod.rs:253:43
[INFO] [stdout]     |
[INFO] [stdout] 253 |             .or_else(|_| -> Result<_, Box<error::Error + Send + Sync>> {
[INFO] [stdout]     |                                           ^^^^^^^^^^^^^^^^^^^^^^^^^^ help: use `dyn`: `dyn error::Error + Send + Sync`
[INFO] [stdout]     |
[INFO] [stdout]     = warning: this was previously accepted by the compiler but is being phased out; it will become a hard error in the 2021 edition!
[INFO] [stdout]     = note: for more information, see issue #80165 <https://github.com/rust-lang/rust/issues/80165>
[INFO] [stdout] 
[INFO] [stdout] 
[INFO] [stdout] warning: trait objects without an explicit `dyn` are deprecated
[INFO] [stdout]   --> src/device/generic.rs:13:40
[INFO] [stdout]    |
[INFO] [stdout] 13 |     fn write_frame(&self, writer: &mut io::Write, pixels: &[Pixel]) -> io::Result<()> {
[INFO] [stdout]    |                                        ^^^^^^^^^ help: use `dyn`: `dyn io::Write`
[INFO] [stdout]    |
[INFO] [stdout]    = warning: this was previously accepted by the compiler but is being phased out; it will become a hard error in the 2021 edition!
[INFO] [stdout]    = note: for more information, see issue #80165 <https://github.com/rust-lang/rust/issues/80165>
[INFO] [stdout] 
[INFO] [stdout] 
[INFO] [stdout] warning: trait objects without an explicit `dyn` are deprecated
[INFO] [stdout]   --> src/device/hexws2811.rs:13:40
[INFO] [stdout]    |
[INFO] [stdout] 13 |     fn write_frame(&self, writer: &mut io::Write, pixels: &[Pixel]) -> io::Result<()> {
[INFO] [stdout]    |                                        ^^^^^^^^^ help: use `dyn`: `dyn io::Write`
[INFO] [stdout]    |
[INFO] [stdout]    = warning: this was previously accepted by the compiler but is being phased out; it will become a hard error in the 2021 edition!
[INFO] [stdout]    = note: for more information, see issue #80165 <https://github.com/rust-lang/rust/issues/80165>
[INFO] [stdout] 
[INFO] [stdout] 
[INFO] [stdout] warning: trait objects without an explicit `dyn` are deprecated
[INFO] [stdout]   --> src/device/lpd8806.rs:25:40
[INFO] [stdout]    |
[INFO] [stdout] 25 |     fn write_frame(&self, writer: &mut io::Write, pixels: &[Pixel]) -> io::Result<()> {
[INFO] [stdout]    |                                        ^^^^^^^^^ help: use `dyn`: `dyn io::Write`
[INFO] [stdout]    |
[INFO] [stdout]    = warning: this was previously accepted by the compiler but is being phased out; it will become a hard error in the 2021 edition!
[INFO] [stdout]    = note: for more information, see issue #80165 <https://github.com/rust-lang/rust/issues/80165>
[INFO] [stdout] 
[INFO] [stdout] 
[INFO] [stdout] warning: trait objects without an explicit `dyn` are deprecated
[INFO] [stdout]   --> src/device/sk9822.rs:27:40
[INFO] [stdout]    |
[INFO] [stdout] 27 |     fn write_frame(&self, writer: &mut io::Write, pixels: &[Pixel]) -> io::Result<()> {
[INFO] [stdout]    |                                        ^^^^^^^^^ help: use `dyn`: `dyn io::Write`
[INFO] [stdout]    |
[INFO] [stdout]    = warning: this was previously accepted by the compiler but is being phased out; it will become a hard error in the 2021 edition!
[INFO] [stdout]    = note: for more information, see issue #80165 <https://github.com/rust-lang/rust/issues/80165>
[INFO] [stdout] 
[INFO] [stdout] 
[INFO] [stdout] warning: trait objects without an explicit `dyn` are deprecated
[INFO] [stdout]   --> src/device/ws2812.rs:25:40
[INFO] [stdout]    |
[INFO] [stdout] 25 |     fn write_frame(&self, writer: &mut io::Write, pixels: &[Pixel]) -> io::Result<()> {
[INFO] [stdout]    |                                        ^^^^^^^^^ help: use `dyn`: `dyn io::Write`
[INFO] [stdout]    |
[INFO] [stdout]    = warning: this was previously accepted by the compiler but is being phased out; it will become a hard error in the 2021 edition!
[INFO] [stdout]    = note: for more information, see issue #80165 <https://github.com/rust-lang/rust/issues/80165>
[INFO] [stdout] 
[INFO] [stdout] 
[INFO] [stdout] warning: anonymous parameters are deprecated and will be removed in the next edition.
[INFO] [stdout]   --> src/device/mod.rs:28:32
[INFO] [stdout]    |
[INFO] [stdout] 28 |     fn output_frame(&mut self, &[Pixel]) -> io::Result<()>;
[INFO] [stdout]    |                                ^^^^^^^^ help: try naming the parameter or explicitly ignoring it: `_: &[Pixel]`
[INFO] [stdout]    |
[INFO] [stdout]    = note: `#[warn(anonymous_parameters)]` on by default
[INFO] [stdout]    = warning: this was previously accepted by the compiler but is being phased out; it will become a hard error in the 2018 edition!
[INFO] [stdout]    = note: for more information, see issue #41686 <https://github.com/rust-lang/rust/issues/41686>
[INFO] [stdout] 
[INFO] [stdout] 
[INFO] [stdout] warning: trait objects without an explicit `dyn` are deprecated
[INFO] [stdout]   --> src/device/mod.rs:43:21
[INFO] [stdout]    |
[INFO] [stdout] 43 | impl Output for Box<Output> {
[INFO] [stdout]    |                     ^^^^^^ help: use `dyn`: `dyn Output`
[INFO] [stdout]    |
[INFO] [stdout]    = warning: this was previously accepted by the compiler but is being phased out; it will become a hard error in the 2021 edition!
[INFO] [stdout]    = note: for more information, see issue #80165 <https://github.com/rust-lang/rust/issues/80165>
[INFO] [stdout] 
[INFO] [stdout] 
[INFO] [stdout] warning: anonymous parameters are deprecated and will be removed in the next edition.
[INFO] [stdout]   --> src/device/mod.rs:60:27
[INFO] [stdout]    |
[INFO] [stdout] 60 |     fn write_frame(&self, &mut io::Write, &[Pixel]) -> io::Result<()>;
[INFO] [stdout]    |                           ^^^^^^^^^^^^^^ help: try naming the parameter or explicitly ignoring it: `_: &mut io::Write`
[INFO] [stdout]    |
[INFO] [stdout]    = warning: this was previously accepted by the compiler but is being phased out; it will become a hard error in the 2018 edition!
[INFO] [stdout]    = note: for more information, see issue #41686 <https://github.com/rust-lang/rust/issues/41686>
[INFO] [stdout] 
[INFO] [stdout] 
[INFO] [stdout] warning: anonymous parameters are deprecated and will be removed in the next edition.
[INFO] [stdout]   --> src/device/mod.rs:60:43
[INFO] [stdout]    |
[INFO] [stdout] 60 |     fn write_frame(&self, &mut io::Write, &[Pixel]) -> io::Result<()>;
[INFO] [stdout]    |                                           ^^^^^^^^ help: try naming the parameter or explicitly ignoring it: `_: &[Pixel]`
[INFO] [stdout]    |
[INFO] [stdout]    = warning: this was previously accepted by the compiler but is being phased out; it will become a hard error in the 2018 edition!
[INFO] [stdout]    = note: for more information, see issue #41686 <https://github.com/rust-lang/rust/issues/41686>
[INFO] [stdout] 
[INFO] [stdout] 
[INFO] [stdout] warning: trait objects without an explicit `dyn` are deprecated
[INFO] [stdout]   --> src/device/mod.rs:60:32
[INFO] [stdout]    |
[INFO] [stdout] 60 |     fn write_frame(&self, &mut io::Write, &[Pixel]) -> io::Result<()>;
[INFO] [stdout]    |                                ^^^^^^^^^ help: use `dyn`: `dyn io::Write`
[INFO] [stdout]    |
[INFO] [stdout]    = warning: this was previously accepted by the compiler but is being phased out; it will become a hard error in the 2021 edition!
[INFO] [stdout]    = note: for more information, see issue #80165 <https://github.com/rust-lang/rust/issues/80165>
[INFO] [stdout] 
[INFO] [stdout] 
[INFO] [stdout] warning: trait objects without an explicit `dyn` are deprecated
[INFO] [stdout]   --> src/device/mod.rs:82:37
[INFO] [stdout]    |
[INFO] [stdout] 82 |     fn write_frame(&self, out: &mut io::Write, frame: &[Pixel]) -> io::Result<()> {
[INFO] [stdout]    |                                     ^^^^^^^^^ help: use `dyn`: `dyn io::Write`
[INFO] [stdout]    |
[INFO] [stdout]    = warning: this was previously accepted by the compiler but is being phased out; it will become a hard error in the 2021 edition!
[INFO] [stdout]    = note: for more information, see issue #80165 <https://github.com/rust-lang/rust/issues/80165>
[INFO] [stdout] 
[INFO] [stdout] 
[INFO] [stdout] warning: trait objects without an explicit `dyn` are deprecated
[INFO] [stdout]    --> src/device/mod.rs:111:16
[INFO] [stdout]     |
[INFO] [stdout] 111 |     Device(Box<Device>),
[INFO] [stdout]     |                ^^^^^^ help: use `dyn`: `dyn Device`
[INFO] [stdout]     |
[INFO] [stdout]     = warning: this was previously accepted by the compiler but is being phased out; it will become a hard error in the 2021 edition!
[INFO] [stdout]     = note: for more information, see issue #80165 <https://github.com/rust-lang/rust/issues/80165>
[INFO] [stdout] 
[INFO] [stdout] 
[INFO] [stdout] warning: trait objects without an explicit `dyn` are deprecated
[INFO] [stdout]    --> src/device/mod.rs:113:16
[INFO] [stdout]     |
[INFO] [stdout] 113 |     Output(Box<Output>),
[INFO] [stdout]     |                ^^^^^^ help: use `dyn`: `dyn Output`
[INFO] [stdout]     |
[INFO] [stdout]     = warning: this was previously accepted by the compiler but is being phased out; it will become a hard error in the 2021 edition!
[INFO] [stdout]     = note: for more information, see issue #80165 <https://github.com/rust-lang/rust/issues/80165>
[INFO] [stdout] 
[INFO] [stdout] 
[INFO] [stdout] warning: trait objects without an explicit `dyn` are deprecated
[INFO] [stdout]   --> src/driver/artnet/unicast.rs:17:17
[INFO] [stdout]    |
[INFO] [stdout] 17 |     target: Box<Target>,
[INFO] [stdout]    |                 ^^^^^^ help: use `dyn`: `dyn Target`
[INFO] [stdout]    |
[INFO] [stdout]    = warning: this was previously accepted by the compiler but is being phased out; it will become a hard error in the 2021 edition!
[INFO] [stdout]    = note: for more information, see issue #80165 <https://github.com/rust-lang/rust/issues/80165>
[INFO] [stdout] 
[INFO] [stdout] 
[INFO] [stdout] warning: trait objects without an explicit `dyn` are deprecated
[INFO] [stdout]   --> src/driver/artnet/unicast.rs:23:27
[INFO] [stdout]    |
[INFO] [stdout] 23 |     pub fn to(target: Box<Target>, frame_size: usize) -> io::Result<Unicast> {
[INFO] [stdout]    |                           ^^^^^^ help: use `dyn`: `dyn Target`
[INFO] [stdout]    |
[INFO] [stdout]    = warning: this was previously accepted by the compiler but is being phased out; it will become a hard error in the 2021 edition!
[INFO] [stdout]    = note: for more information, see issue #80165 <https://github.com/rust-lang/rust/issues/80165>
[INFO] [stdout] 
[INFO] [stdout] 
[INFO] [stdout] warning: trait objects without an explicit `dyn` are deprecated
[INFO] [stdout]   --> src/driver/artnet/mod.rs:59:28
[INFO] [stdout]    |
[INFO] [stdout] 59 |     let artnet_target: Box<Target> = if args.is_present("broadcast") {
[INFO] [stdout]    |                            ^^^^^^ help: use `dyn`: `dyn Target`
[INFO] [stdout]    |
[INFO] [stdout]    = warning: this was previously accepted by the compiler but is being phased out; it will become a hard error in the 2021 edition!
[INFO] [stdout]    = note: for more information, see issue #80165 <https://github.com/rust-lang/rust/issues/80165>
[INFO] [stdout] 
[INFO] [stdout] 
[INFO] [stdout] warning: trait objects without an explicit `dyn` are deprecated
[INFO] [stdout]   --> src/driver/spidev.rs:28:38
[INFO] [stdout]    |
[INFO] [stdout] 28 | pub fn open(path: &path::Path, dev: &Device) -> Result<fs::File, driver::Error> {
[INFO] [stdout]    |                                      ^^^^^^ help: use `dyn`: `dyn Device`
[INFO] [stdout]    |
[INFO] [stdout]    = warning: this was previously accepted by the compiler but is being phased out; it will become a hard error in the 2021 edition!
[INFO] [stdout]    = note: for more information, see issue #80165 <https://github.com/rust-lang/rust/issues/80165>
[INFO] [stdout] 
[INFO] [stdout] 
[INFO] [stdout] warning: trait objects without an explicit `dyn` are deprecated
[INFO] [stdout]   --> src/input/geometry.rs:45:32
[INFO] [stdout]    |
[INFO] [stdout] 45 | impl Transposition for Vec<Box<Transposition>> {
[INFO] [stdout]    |                                ^^^^^^^^^^^^^ help: use `dyn`: `dyn Transposition`
[INFO] [stdout]    |
[INFO] [stdout]    = warning: this was previously accepted by the compiler but is being phased out; it will become a hard error in the 2021 edition!
[INFO] [stdout]    = note: for more information, see issue #80165 <https://github.com/rust-lang/rust/issues/80165>
[INFO] [stdout] 
[INFO] [stdout] 
[INFO] [stdout] warning: trait objects without an explicit `dyn` are deprecated
[INFO] [stdout]   --> src/input/select.rs:25:21
[INFO] [stdout]    |
[INFO] [stdout] 25 |     inputs: Vec<Box<ReadFd + Send>>,
[INFO] [stdout]    |                     ^^^^^^^^^^^^^ help: use `dyn`: `dyn ReadFd + Send`
[INFO] [stdout]    |
[INFO] [stdout]    = warning: this was previously accepted by the compiler but is being phased out; it will become a hard error in the 2021 edition!
[INFO] [stdout]    = note: for more information, see issue #80165 <https://github.com/rust-lang/rust/issues/80165>
[INFO] [stdout] 
[INFO] [stdout] 
[INFO] [stdout] warning: trait objects without an explicit `dyn` are deprecated
[INFO] [stdout]   --> src/input/select.rs:39:39
[INFO] [stdout]    |
[INFO] [stdout] 39 |         let files: io::Result<Vec<Box<ReadFd + Send>>> = filenames.into_iter().map(|filename| {
[INFO] [stdout]    |                                       ^^^^^^^^^^^^^ help: use `dyn`: `dyn ReadFd + Send`
[INFO] [stdout]    |
[INFO] [stdout]    = warning: this was previously accepted by the compiler but is being phased out; it will become a hard error in the 2021 edition!
[INFO] [stdout]    = note: for more information, see issue #80165 <https://github.com/rust-lang/rust/issues/80165>
[INFO] [stdout] 
[INFO] [stdout] 
[INFO] [stdout] warning: trait objects without an explicit `dyn` are deprecated
[INFO] [stdout]   --> src/input/select.rs:63:22
[INFO] [stdout]    |
[INFO] [stdout] 63 |             Ok(Box::<ReadFd + Send>::from(Box::new(file)))
[INFO] [stdout]    |                      ^^^^^^^^^^^^^ help: use `dyn`: `dyn ReadFd + Send`
[INFO] [stdout]    |
[INFO] [stdout]    = warning: this was previously accepted by the compiler but is being phased out; it will become a hard error in the 2021 edition!
[INFO] [stdout]    = note: for more information, see issue #80165 <https://github.com/rust-lang/rust/issues/80165>
[INFO] [stdout] 
[INFO] [stdout] 
[INFO] [stdout] warning: trait objects without an explicit `dyn` are deprecated
[INFO] [stdout]   --> src/input/select.rs:68:33
[INFO] [stdout]    |
[INFO] [stdout] 68 |     pub fn from(inputs: Vec<Box<ReadFd + Send>>, switch_after: usize, when_eof: WhenEOF, clear_timeout: Option<time::Duration>) -> Reader {
[INFO] [stdout]    |                                 ^^^^^^^^^^^^^ help: use `dyn`: `dyn ReadFd + Send`
[INFO] [stdout]    |
[INFO] [stdout]    = warning: this was previously accepted by the compiler but is being phased out; it will become a hard error in the 2021 edition!
[INFO] [stdout]    = note: for more information, see issue #80165 <https://github.com/rust-lang/rust/issues/80165>
[INFO] [stdout] 
[INFO] [stdout] 
[INFO] [stdout] warning: trait objects without an explicit `dyn` are deprecated
[INFO] [stdout]    --> src/main.rs:164:21
[INFO] [stdout]     |
[INFO] [stdout] 164 |     let output: Box<Output> = {
[INFO] [stdout]     |                     ^^^^^^ help: use `dyn`: `dyn Output`
[INFO] [stdout]     |
[INFO] [stdout]     = warning: this was previously accepted by the compiler but is being phased out; it will become a hard error in the 2021 edition!
[INFO] [stdout]     = note: for more information, see issue #80165 <https://github.com/rust-lang/rust/issues/80165>
[INFO] [stdout] 
[INFO] [stdout] 
[INFO] [stdout] warning: trait objects without an explicit `dyn` are deprecated
[INFO] [stdout]    --> src/main.rs:190:33
[INFO] [stdout]     |
[INFO] [stdout] 190 |                 let output: Box<io::Write + Send> = match driver_name.as_str() {
[INFO] [stdout]     |                                 ^^^^^^^^^^^^^^^^ help: use `dyn`: `dyn io::Write + Send`
[INFO] [stdout]     |
[INFO] [stdout]     = warning: this was previously accepted by the compiler but is being phased out; it will become a hard error in the 2021 edition!
[INFO] [stdout]     = note: for more information, see issue #80165 <https://github.com/rust-lang/rust/issues/80165>
[INFO] [stdout] 
[INFO] [stdout] 
[INFO] [stdout] warning: use of deprecated macro `try`: use the `?` operator instead
[INFO] [stdout]    --> src/main.rs:374:51
[INFO] [stdout]     |
[INFO] [stdout] 374 |     let transpositions: Vec<Box<Transposition>> = try!(operations.into_iter()
[INFO] [stdout]     |                                                   ^^^
[INFO] [stdout]     |
[INFO] [stdout]     = note: `#[warn(deprecated)]` on by default
[INFO] [stdout] 
[INFO] [stdout] 
[INFO] [stdout] warning: trait objects without an explicit `dyn` are deprecated
[INFO] [stdout]    --> src/main.rs:374:33
[INFO] [stdout]     |
[INFO] [stdout] 374 |     let transpositions: Vec<Box<Transposition>> = try!(operations.into_iter()
[INFO] [stdout]     |                                 ^^^^^^^^^^^^^ help: use `dyn`: `dyn Transposition`
[INFO] [stdout]     |
[INFO] [stdout]     = warning: this was previously accepted by the compiler but is being phased out; it will become a hard error in the 2021 edition!
[INFO] [stdout]     = note: for more information, see issue #80165 <https://github.com/rust-lang/rust/issues/80165>
[INFO] [stdout] 
[INFO] [stdout] 
[INFO] [stdout] warning: trait objects without an explicit `dyn` are deprecated
[INFO] [stdout]    --> src/main.rs:375:35
[INFO] [stdout]     |
[INFO] [stdout] 375 |         .map(|name| -> Result<Box<Transposition>, String> {
[INFO] [stdout]     |                                   ^^^^^^^^^^^^^ help: use `dyn`: `dyn Transposition`
[INFO] [stdout]     |
[INFO] [stdout]     = warning: this was previously accepted by the compiler but is being phased out; it will become a hard error in the 2021 edition!
[INFO] [stdout]     = note: for more information, see issue #80165 <https://github.com/rust-lang/rust/issues/80165>
[INFO] [stdout] 
[INFO] [stdout] 
[INFO] [stdout] error: linking with `cc` failed: exit status: 1
[INFO] [stdout]   |
[INFO] [stdout]   = note: "cc" "-m64" "-Wl,--eh-frame-hdr" "-Wl,-znoexecstack" "-Wl,--as-needed" "-L" "/opt/rustwide/rustup-home/toolchains/881c1ac408d93bb7adaa3a51dabab9266e82eee8/lib/rustlib/x86_64-unknown-linux-gnu/lib" "/opt/rustwide/target/debug/deps/ledcat-a632a8306a83b798.ledcat.ai5it9m3-cgu.0.rcgu.o" "/opt/rustwide/target/debug/deps/ledcat-a632a8306a83b798.ledcat.ai5it9m3-cgu.1.rcgu.o" "/opt/rustwide/target/debug/deps/ledcat-a632a8306a83b798.ledcat.ai5it9m3-cgu.10.rcgu.o" "/opt/rustwide/target/debug/deps/ledcat-a632a8306a83b798.ledcat.ai5it9m3-cgu.11.rcgu.o" "/opt/rustwide/target/debug/deps/ledcat-a632a8306a83b798.ledcat.ai5it9m3-cgu.12.rcgu.o" "/opt/rustwide/target/debug/deps/ledcat-a632a8306a83b798.ledcat.ai5it9m3-cgu.13.rcgu.o" "/opt/rustwide/target/debug/deps/ledcat-a632a8306a83b798.ledcat.ai5it9m3-cgu.14.rcgu.o" "/opt/rustwide/target/debug/deps/ledcat-a632a8306a83b798.ledcat.ai5it9m3-cgu.15.rcgu.o" "/opt/rustwide/target/debug/deps/ledcat-a632a8306a83b798.ledcat.ai5it9m3-cgu.2.rcgu.o" "/opt/rustwide/target/debug/deps/ledcat-a632a8306a83b798.ledcat.ai5it9m3-cgu.3.rcgu.o" "/opt/rustwide/target/debug/deps/ledcat-a632a8306a83b798.ledcat.ai5it9m3-cgu.4.rcgu.o" "/opt/rustwide/target/debug/deps/ledcat-a632a8306a83b798.ledcat.ai5it9m3-cgu.5.rcgu.o" "/opt/rustwide/target/debug/deps/ledcat-a632a8306a83b798.ledcat.ai5it9m3-cgu.6.rcgu.o" "/opt/rustwide/target/debug/deps/ledcat-a632a8306a83b798.ledcat.ai5it9m3-cgu.7.rcgu.o" "/opt/rustwide/target/debug/deps/ledcat-a632a8306a83b798.ledcat.ai5it9m3-cgu.8.rcgu.o" "/opt/rustwide/target/debug/deps/ledcat-a632a8306a83b798.ledcat.ai5it9m3-cgu.9.rcgu.o" "-o" "/opt/rustwide/target/debug/deps/ledcat-a632a8306a83b798" "/opt/rustwide/target/debug/deps/ledcat-a632a8306a83b798.353kfmwm3idbvwht.rcgu.o" "-Wl,--gc-sections" "-pie" "-Wl,-zrelro" "-Wl,-znow" "-nodefaultlibs" "-L" "/opt/rustwide/target/debug/deps" "-L" "/opt/rustwide/workdir/components/rpi-rgb-led-matrix/lib" "-L" "/opt/rustwide/rustup-home/toolchains/881c1ac408d93bb7adaa3a51dabab9266e82eee8/lib/rustlib/x86_64-unknown-linux-gnu/lib" "-Wl,-Bstatic" "-Wl,--whole-archive" "-lrgbmatrix" "-Wl,--no-whole-archive" "-Wl,-Bdynamic" "-lstdc++" "-Wl,-Bstatic" "/opt/rustwide/target/debug/deps/libregex-304a182fb235bf3f.rlib" "/opt/rustwide/target/debug/deps/libaho_corasick-95e05f880ff50868.rlib" "/opt/rustwide/target/debug/deps/libmemchr-ed39d34d53eebdc4.rlib" "/opt/rustwide/target/debug/deps/libregex_syntax-7f67f9c47fcbf828.rlib" "/opt/rustwide/target/debug/deps/libnix-c1e02750a5c105dc.rlib" "/opt/rustwide/target/debug/deps/libvoid-119da90aa4f28a40.rlib" "/opt/rustwide/target/debug/deps/libbytes-1bf74efc76f85092.rlib" "/opt/rustwide/target/debug/deps/libiovec-885d21a40701366c.rlib" "/opt/rustwide/target/debug/deps/libnet2-0ee9ab2b2681a750.rlib" "/opt/rustwide/target/debug/deps/libcfg_if-c4f6196cf7d68209.rlib" "/opt/rustwide/target/debug/deps/libgpio-1367993d234bd120.rlib" "/opt/rustwide/target/debug/deps/libclap-0bbebf458bc72826.rlib" "/opt/rustwide/target/debug/deps/libvec_map-6ca2ab92fd8f89b6.rlib" "/opt/rustwide/target/debug/deps/libtextwrap-72726d2ca165c499.rlib" "/opt/rustwide/target/debug/deps/libunicode_width-9ab5865733e9acc9.rlib" "/opt/rustwide/target/debug/deps/libstrsim-66e58bd8aecd9c6e.rlib" "/opt/rustwide/target/debug/deps/libbitflags-7f78c1de5599d643.rlib" "/opt/rustwide/target/debug/deps/libatty-cfdec2cf484a8627.rlib" "/opt/rustwide/target/debug/deps/liblibc-2eeb146fbbc48d30.rlib" "/opt/rustwide/target/debug/deps/libansi_term-b7c7e94976e9eae7.rlib" "/opt/rustwide/target/debug/deps/libbyteorder-a08bfedee3afd0a5.rlib" "-Wl,--start-group" "/opt/rustwide/rustup-home/toolchains/881c1ac408d93bb7adaa3a51dabab9266e82eee8/lib/rustlib/x86_64-unknown-linux-gnu/lib/libstd-c6dddd3d354e6bea.rlib" "/opt/rustwide/rustup-home/toolchains/881c1ac408d93bb7adaa3a51dabab9266e82eee8/lib/rustlib/x86_64-unknown-linux-gnu/lib/libpanic_unwind-c2ca47afdcc5e309.rlib" "/opt/rustwide/rustup-home/toolchains/881c1ac408d93bb7adaa3a51dabab9266e82eee8/lib/rustlib/x86_64-unknown-linux-gnu/lib/libminiz_oxide-b47be2942017e108.rlib" "/opt/rustwide/rustup-home/toolchains/881c1ac408d93bb7adaa3a51dabab9266e82eee8/lib/rustlib/x86_64-unknown-linux-gnu/lib/libadler-20a1e49116ab0df9.rlib" "/opt/rustwide/rustup-home/toolchains/881c1ac408d93bb7adaa3a51dabab9266e82eee8/lib/rustlib/x86_64-unknown-linux-gnu/lib/libobject-25e09d9868291683.rlib" "/opt/rustwide/rustup-home/toolchains/881c1ac408d93bb7adaa3a51dabab9266e82eee8/lib/rustlib/x86_64-unknown-linux-gnu/lib/libaddr2line-9c99fb6e5ca5159e.rlib" "/opt/rustwide/rustup-home/toolchains/881c1ac408d93bb7adaa3a51dabab9266e82eee8/lib/rustlib/x86_64-unknown-linux-gnu/lib/libgimli-85040d7563599960.rlib" "/opt/rustwide/rustup-home/toolchains/881c1ac408d93bb7adaa3a51dabab9266e82eee8/lib/rustlib/x86_64-unknown-linux-gnu/lib/libstd_detect-0e4f7587da8acf20.rlib" "/opt/rustwide/rustup-home/toolchains/881c1ac408d93bb7adaa3a51dabab9266e82eee8/lib/rustlib/x86_64-unknown-linux-gnu/lib/librustc_demangle-7be0a6711ed15b5c.rlib" "/opt/rustwide/rustup-home/toolchains/881c1ac408d93bb7adaa3a51dabab9266e82eee8/lib/rustlib/x86_64-unknown-linux-gnu/lib/libhashbrown-00672fabc4ff9c9d.rlib" "/opt/rustwide/rustup-home/toolchains/881c1ac408d93bb7adaa3a51dabab9266e82eee8/lib/rustlib/x86_64-unknown-linux-gnu/lib/librustc_std_workspace_alloc-72fe231ef0473d15.rlib" "/opt/rustwide/rustup-home/toolchains/881c1ac408d93bb7adaa3a51dabab9266e82eee8/lib/rustlib/x86_64-unknown-linux-gnu/lib/libunwind-019d54ecc304b655.rlib" "/opt/rustwide/rustup-home/toolchains/881c1ac408d93bb7adaa3a51dabab9266e82eee8/lib/rustlib/x86_64-unknown-linux-gnu/lib/libcfg_if-cc7d9343e4f608be.rlib" "/opt/rustwide/rustup-home/toolchains/881c1ac408d93bb7adaa3a51dabab9266e82eee8/lib/rustlib/x86_64-unknown-linux-gnu/lib/liblibc-e41c6d24baeb2249.rlib" "/opt/rustwide/rustup-home/toolchains/881c1ac408d93bb7adaa3a51dabab9266e82eee8/lib/rustlib/x86_64-unknown-linux-gnu/lib/liballoc-9849bb0fbad7f0f5.rlib" "/opt/rustwide/rustup-home/toolchains/881c1ac408d93bb7adaa3a51dabab9266e82eee8/lib/rustlib/x86_64-unknown-linux-gnu/lib/librustc_std_workspace_core-a1fd7734706d5518.rlib" "/opt/rustwide/rustup-home/toolchains/881c1ac408d93bb7adaa3a51dabab9266e82eee8/lib/rustlib/x86_64-unknown-linux-gnu/lib/libcore-c8ded1707ad10767.rlib" "-Wl,--end-group" "/opt/rustwide/rustup-home/toolchains/881c1ac408d93bb7adaa3a51dabab9266e82eee8/lib/rustlib/x86_64-unknown-linux-gnu/lib/libcompiler_builtins-8b33f9cbbc9652fe.rlib" "-Wl,-Bdynamic" "-lgcc_s" "-lutil" "-lrt" "-lpthread" "-lm" "-ldl" "-lc"
[INFO] [stdout]   = note: /usr/bin/ld: cannot find -lrgbmatrix
[INFO] [stdout]           collect2: error: ld returned 1 exit status
[INFO] [stdout]           
[INFO] [stdout] 
[INFO] [stdout] 
[INFO] [stdout] error: aborting due to previous error; 30 warnings emitted
[INFO] [stdout] 
[INFO] [stdout] 
[INFO] [stderr] error: could not compile `ledcat`
[INFO] [stderr] 
[INFO] [stderr] To learn more, run the command again with --verbose.
[INFO] running `Command { std: "docker" "inspect" "be1d33b3e900e060743244edf1e21527510dd418dc3995fea4ce335ebe6cdbc7", kill_on_drop: false }`
[INFO] running `Command { std: "docker" "rm" "-f" "be1d33b3e900e060743244edf1e21527510dd418dc3995fea4ce335ebe6cdbc7", kill_on_drop: false }`
[INFO] [stdout] be1d33b3e900e060743244edf1e21527510dd418dc3995fea4ce335ebe6cdbc7
